he prime factors of w(-8).
2, 29
Let x(y) = -22*y**3 + 4*y**2 + 37*y + 19. List the prime factors of x(-5).
2, 11, 61
Suppose 2*b - 3091 = f, -9*b + 6197 = -5*b + f. List the prime factors of b.
2, 3, 43
Suppose 4*l - 2*u + 4*u - 26 = 0, -3*l + 2*u + 2 = 0. Suppose 2*t - 118 = 4*o - 0*o, -l*t = -2*o - 224. List the prime factors of t.
5, 11
Let r = 26 - 22. Let o(y) = -y**3 + 5*y**2 - 3*y - 2. Let g be o(r). Suppose 0 = -k + g + 57. List the prime factors of k.
59
Let f(i) = -43*i**2 + 2*i + 1. Suppose 3*o + 9 = -k - k, 3*o = 2*k + 3. Let t be f(o). Let d = 67 + t. What are the prime factors of d?
23
Let c = 23 + 26. Let z = c - 6. What are the prime factors of z?
43
Suppose -243 = -4*s + 201. Let w = s + -36. List the prime factors of w.
3, 5
Let j be (6 - 4) + 0/(-2). Suppose -n + j*f = 4*n - 393, n + f = 73. List the prime factors of n.
7, 11
List the prime factors of -11 - (-15 + 11) - -3066.
7, 19, 23
Let f(t) = 15*t. Let q = -42 + 49. What are the prime factors of f(q)?
3, 5, 7
Let i = 165 - -341. What are the prime factors of i?
2, 11, 23
Suppose 5*o - 7 - 1 = 4*d, 5*o - 5*d - 5 = 0. Suppose -o*c + 44 = -0*c. What are the prime factors of c?
11
Suppose -4*i + 2*m = -10, -2*i + i - 1 = -4*m. Suppose i*z + 8*z = 1419. What are the prime factors of z?
3, 43
Suppose 7*t = 4*t - 5*p, 4*t + p = 0. Suppose 4*s + 8*s - 2868 = t. What are the prime factors of s?
239
Let b(s) = 12*s**3 - 6*s + 6. What are the prime factors of b(4)?
2, 3, 5
Suppose 0 = 152*c - 116*c - 22428. What are the prime factors of c?
7, 89
Suppose -9*h = -11*h + 8. What are the prime factors of 8/h*47/2?
47
Suppose -5*y + 4*s = 323, -3*y - 2*y - 2*s - 311 = 0. Let w = 89 - 119. Let f = w - y. List the prime factors of f.
3, 11
Suppose -3*s + 1 = 5*p + 9, 0 = -3*s + 3*p + 24. Suppose -188 + 1162 = s*h + o, 5*h - 4*o = 1228. Suppose 52 = 4*m - h. What are the prime factors of m?
2, 37
Let a = 224 + 2077. What are the prime factors of a?
3, 13, 59
Let l be (-4)/1*(2/(-1) - 21). Let x = 159 - l. List the prime factors of x.
67
Suppose -3*p = -v + 136, v = 5*p + 141 - 7. Let s = 195 - v. What are the prime factors of s?
2, 7
What are the prime factors of (-1686)/(-24) + 9/12?
71
What are the prime factors of (5/(-10))/(2/(-20084))?
5021
Suppose 4*s - 20 = -s. Suppose 27*x = 11*x + 80. Suppose x*c + 5*h - 35 = 0, s*h + 0*h = c - 7. What are the prime factors of c?
7
Suppose -80*a + 94*a - 1260 = 0. List the prime factors of a.
2, 3, 5
Let y(j) = -j**2 - 4*j + 1. Suppose 7*q - 10 = 12*q. Let x be y(q). Suppose x*o - 45 = -0*o. List the prime factors of o.
3
Let y(u) be the third derivative of u**6/720 + 29*u**5/120 - u**4/12 - 5*u**2. Let c(t) be the second derivative of y(t). What are the prime factors of c(0)?
29
Let v(f) = 4*f**2 - 11*f - 81. List the prime factors of v(15).
2, 3, 109
Let s(y) = -y**3 - 3*y**2 - 4*y. Let r be s(-4). Suppose 0 = g - 5*g + r. List the prime factors of g/(-14)*7/(-2).
2
Let l be -1 + 3 + (-955 - -1). What are the prime factors of 2/16 - l/64?
3, 5
Suppose 3*h + 12*l - 2639 = 7*l, 0 = 2*h + 2*l - 1754. List the prime factors of h.
3, 97
Let o(h) = 10*h**3 + 3*h**2 - h - 2. Let b(v) = 4*v**2 - 2. Let j be b(-1). What are the prime factors of o(j)?
2, 11
Let m be (5 - (-62)/(-4))*4/(-3). Suppose -5292 = -m*d - 1092. List the prime factors of d.
2, 3, 5
Suppose 0 = -41*s - 4*s + 14760. What are the prime factors of s?
2, 41
Let c(n) = -22 - 19*n - n**2 + 10 + 33. What are the prime factors of c(-16)?
3, 23
Let m(x) = -x**3 + 29*x**2 - 18*x - 32. List the prime factors of m(9).
2, 23, 31
Let q(b) = 8*b**3 + b**2 - 3*b + 1. Suppose -5*h = -4*y - 21, -3*h + h + 2*y = -10. Let j be q(h). Let z = 18 + j. List the prime factors of z.
5
Suppose 0 = -2*o - 3*u + 65, 2*o - 6*u + 2*u = 30. List the prime factors of 1 - 5/(o/(-230)).
47
Let o(a) = -2*a**3 - 2*a**2 - a. Let w be o(-1). Let j be 4 + 3 + -3 + w. Suppose j*c + 6 - 51 = 0. What are the prime factors of c?
3
Suppose 5*u - y = 48, 7*y - 20 = -3*u + 12*y. What are the prime factors of u?
2, 5
Suppose 5*m - 6 - 44 = 0. Suppose 0 = 4*s - m + 2. Suppose 0*f + 50 = s*f. List the prime factors of f.
5
Let v be 1*(3 + 1 + -3). Let i be -2 + 4 - 3/v. List the prime factors of (18 + 2)/((-1)/i).
2, 5
Suppose 0 = -4*s + 4*h + 436, -13*s = -14*s + 5*h + 117. List the prime factors of s.
107
Let n(i) = 137*i**3 - 2*i**2 + 2*i. Suppose 10*h = 8*h + 2. What are the prime factors of n(h)?
137
Let b(x) = -10*x + 4. Let y be b(-10). Let n = y - 13. List the prime factors of n.
7, 13
Let z(r) = -26*r + 20*r + 15*r + 31. List the prime factors of z(7).
2, 47
Suppose -12 = -8*s + 20. Suppose -s*k + 2*j = -j - 228, 4*j = -4*k + 228. What are the prime factors of k?
3, 19
Let n be 3/((-6)/4) - (-44)/11. Suppose -8*u + 684 = -n*u. List the prime factors of u.
2, 3, 19
Let q = -1 + 5. Let x = q - 6. What are the prime factors of 1*(x + 3 - -21)?
2, 11
Suppose 37*c = 28*c - 513. Let v = -214 - -114. Let w = c - v. List the prime factors of w.
43
Suppose -3*c - 1570 = 5*p - 6252, 2*c - 4*p - 3092 = 0. List the prime factors of c.
2, 3, 7, 37
Let a be 1/(-2)*(1 - 1). Suppose -3*v = -a*v + 252. What are the prime factors of v/(-8) - (-1)/(-2)?
2, 5
Let z(o) = o**3 - 7*o**2 + 8*o - 2. Let m be z(6). Suppose 2*y + m = 0, 3*y + 212 = 2*d + 5*y. What are the prime factors of d?
3, 37
Let a = 21 - 9. Let z = -11 + a. Suppose 64 = 5*o - z. List the prime factors of o.
13
Let a = -76 - -374. What are the prime factors of a?
2, 149
Let z(m) = 5*m**2 - 12*m - 45. What are the prime factors of z(-11)?
2, 173
Let k(s) = -s**3 + 20*s**2 + 27*s - 40. List the prime factors of k(21).
2, 43
Let t = 45 + -32. Suppose 7*z - t*z + 126 = 0. List the prime factors of z.
3, 7
Let q = -12 + 15. Suppose -2*t = -4*d + 8, -q*d = -8*d + 20. Suppose -3*c - 168 = -t*g - 2*c, 0 = -g - c + 42. List the prime factors of g.
2, 3, 7
Let x(b) be the third derivative of b**6/120 + b**5/12 + b**4/12 - b**3/2 - 2*b**2. Suppose 0 = m - 4*m - 12. What are the prime factors of x(m)?
5
Suppose -37 = -5*n - 57. What are the prime factors of (-8)/n*(-2 + 13)?
2, 11
Let m(j) = -5*j + 13. Let o be m(-4). What are the prime factors of o/9 + -3 - 374/(-6)?
3, 7
Suppose 0 = 3*n + n + 408. Let a = 146 + n. Suppose -a = -3*r + 61. What are the prime factors of r?
5, 7
Suppose k = -4*b - 2*k + 325, 0 = -5*b - 2*k + 408. Let c = -5 + b. List the prime factors of c.
7, 11
Suppose -2*n = 3*m - 1541, 112 = -4*n + 2*m + 3186. What are the prime factors of n?
769
Suppose -65*c = -66*c - 19. Let g(q) = -2*q - 36. List the prime factors of g(c).
2
Let f(b) = 279*b**2 + 22*b + 103. What are the prime factors of f(-4)?
3, 1493
List the prime factors of (-7 - 91/(-14))*-658.
7, 47
Let v(c) = c - 5. Let l be v(13). Let t = l + -5. List the prime factors of 34/(-2 - (-6 + t)).
2, 17
Suppose 2*d = -2*d + 5*w - 8, -3*d - 9 = -3*w. Let i(q) = -q**3 - 7*q**2 - q - 3. Let l be i(d). Let b(k) = 2*k**2 - 4*k + 8. List the prime factors of b(l).
2, 3
Let w(i) = 5*i + 24. Let v be w(-8). Suppose -5*a - 5*l + 165 = 0, 33 = a + 3*l + 10. Let r = a + v. List the prime factors of r.
2, 11
Let y be -3 - (-4 + 7 + -8). Suppose 0*n + 5*w - 305 = -2*n, -y*w = -4*n + 646. List the prime factors of n.
2, 5
Suppose z + 2*y = 2 + 18, -5*z - 3*y + 100 = 0. List the prime factors of z.
2, 5
Let h = 13 - 15. Let y = 2 + h. Suppose -2*d - 3*d - p + 53 = 0, y = -d - 3*p + 5. List the prime factors of d.
11
Let h(l) = -7*l**2 + 4*l + 4. Let m be h(-2). Let g = 8 - m. What are the prime factors of g?
2, 5
Let r(j) = -26*j**2 - j - 4. Let p be r(2). Let t = -58 - p. What are the prime factors of t?
2, 13
Let u be ((-72)/(1 + 3))/1. Let x = -4 - u. What are the prime factors of x?
2, 7
Let f(b) = 28*b**2 - 5*b + 100. What are the prime factors of f(7)?
3, 479
Let t = -322 + 512. What are the prime factors of t?
2, 5, 19
Let t be ((-9)/(-6))/(-1)*-2. Suppose 4*a + 5*s - 664 = 6*s, -2*s + 509 = t*a. List the prime factors of a.
167
Let v(i) = -40*i + 199. List the prime factors of v(-44).
3, 653
Let v(x) = x**3 - 22*x**2 + 9*x - 4. List the prime factors of v(24).
2, 11, 31
Suppose -4*q + 1038 = k, 6*q - 3070 = -3*k + 5*q. List the prime factors of k.
2, 7, 73
Let l(i) = -6*i**2 + 4*i - 4. Let f be l(3). Let v = f - -8